{"id":5712,"date":"2023-11-03T11:20:26","date_gmt":"2023-11-03T10:20:26","guid":{"rendered":"https:\/\/revolutiongalaxy.com\/?post_type=product&#038;p=5712"},"modified":"2025-10-06T13:12:18","modified_gmt":"2025-10-06T11:12:18","slug":"recepteur-numerique-revolution-galaxy-ze-h7-plus","status":"publish","type":"product","link":"https:\/\/revolutiongalaxy.com\/index.php\/product\/recepteur-numerique-revolution-galaxy-ze-h7-plus\/","title":{"rendered":"R\u00e9cepteur num\u00e9rique Revolution Galaxy ZE-H7 Plus"},"content":{"rendered":"<p><strong><span class=\"wixui-rich-text__text\">CLE WIFI EXTERIEUR GRATUIT<\/span><\/strong><\/p>\n<table border=\"0\" width=\"100%\">\n<tbody>\n<tr>\n<td width=\"25%\"><strong>ALIMENTATION\u00a0:<\/strong><\/td>\n<td width=\"25%\">12V<\/td>\n<td width=\"25%\"><strong><span class=\"wixui-rich-text__text\">CABLE RJ45:<\/span><\/strong><\/td>\n<td width=\"25%\">OUI<\/td>\n<\/tr>\n<tr>\n<td width=\"25%\"><strong>Wifi :<\/strong><\/td>\n<td width=\"25%\">OUI<\/td>\n<td width=\"25%\"><strong>PORT USB :<\/strong><\/td>\n<td width=\"25%\">*1<\/td>\n<\/tr>\n<tr>\n<td width=\"25%\"><strong>PORT RS232:<\/strong><\/td>\n<td width=\"25%\">12<\/td>\n<td width=\"25%\"><strong>PORT HDMI :<\/strong><\/td>\n<td width=\"25%\">*1<\/td>\n<\/tr>\n<tr>\n<td width=\"25%\"><strong>Bluetooth:<\/strong><\/td>\n<td width=\"25%\">par cl\u00e9<\/td>\n<td width=\"25%\"><strong>AFFICHEUR:<\/strong><\/td>\n<td width=\"25%\">Ext\u00e9rieur<\/td>\n<\/tr>\n<\/tbody>\n<\/table>\n","protected":false},"excerpt":{"rendered":"<ul>\n<li class=\"font_8 wixui-rich-text__text\"><span class=\"wixui-rich-text__text\">ALIMENTATION : 12V<br class=\"wixui-rich-text__text\" \/><\/span><\/li>\n<li class=\"font_8 wixui-rich-text__text\"><span class=\"wixui-rich-text__text\">CLE WIFI EXTERIEUR GRATUIT<\/span><\/li>\n<li class=\"font_8 wixui-rich-text__text\"><span class=\"wixui-rich-text__text\">CABLE RJ45\u00a0 \u00a0 \u00a0 \u00a0 \u00a0 \u00a0 \u00a0 \u00a0<br class=\"wixui-rich-text__text\" \/><\/span><\/li>\n<li class=\"font_8 wixui-rich-text__text\"><span class=\"wixui-rich-text__text\">AFFICHEUR EXTERIEUR<br class=\"wixui-rich-text__text\" \/><\/span><\/li>\n<li class=\"font_8 wixui-rich-text__text\"><span class=\"wixui-rich-text__text\">3G\u00a0 \u00a0 \u00a0 \u00a0 \u00a0 \u00a0 \u00a0 \u00a0 \u00a0 \u00a0 \u00a0 \u00a0 \u00a0\u00a0<br class=\"wixui-rich-text__text\" \/><\/span><\/li>\n<li class=\"font_8 wixui-rich-text__text\"><span class=\"wixui-rich-text__text\">PORT AUDIO\/VIDEO (AV)<br class=\"wixui-rich-text__text\" \/><\/span><\/li>\n<li class=\"font_8 wixui-rich-text__text\"><span class=\"wixui-rich-text__text\">PORT RS232\u00a0 \u00a0 \u00a0 \u00a0 \u00a0 \u00a0 \u00a0 \u00a0<br class=\"wixui-rich-text__text\" \/><\/span><\/li>\n<li class=\"font_8 wixui-rich-text__text\"><span class=\"wixui-rich-text__text\">PORT USB ET HDMI\u00a0 \u00a0 \u00a0<br class=\"wixui-rich-text__text\" \/><strong>AUTRE OPTIONS:<\/strong><br class=\"wixui-rich-text__text\" \/><\/span><\/li>\n<li class=\"font_8 wixui-rich-text__text\"><span class=\"wixui-rich-text__text\">VPN,QR CODE (APPLICATION MScreen ANDROID ET MScreem IOS)<\/span><\/li>\n<\/ul>\n","protected":false},"featured_media":5713,"template":"","meta":[],"product_cat":[227],"product_tag":[],"class_list":["post-5712","product","type-product","status-publish","has-post-thumbnail","hentry","product_cat-recepteur-numerique"],"yoast_head":"<!-- This site is optimized with the Yoast SEO plugin v21.6 - https:\/\/yoast.com\/wordpress\/plugins\/seo\/ -->\n<title>R\u00e9cepteur num\u00e9rique Revolution Galaxy ZE-H7 Plus - R\u00e9volution Galaxy<\/title>\n<meta name=\"robots\" content=\"index, follow, max-snippet:-1, max-image-preview:large, max-video-preview:-1\" \/>\n<link rel=\"canonical\" href=\"https:\/\/revolutiongalaxy.com\/index.php\/product\/recepteur-numerique-revolution-galaxy-ze-h7-plus\/\" \/>\n<meta property=\"og:locale\" content=\"fr_FR\" \/>\n<meta property=\"og:type\" content=\"article\" \/>\n<meta property=\"og:title\" content=\"R\u00e9cepteur num\u00e9rique Revolution Galaxy ZE-H7 Plus - R\u00e9volution Galaxy\" \/>\n<meta property=\"og:description\" content=\"ALIMENTATION : 12V  CLE WIFI EXTERIEUR GRATUIT  CABLE RJ45\u00a0 \u00a0 \u00a0 \u00a0 \u00a0 \u00a0 \u00a0 \u00a0  AFFICHEUR EXTERIEUR  3G\u00a0 \u00a0 \u00a0 \u00a0 \u00a0 \u00a0 \u00a0 \u00a0 \u00a0 \u00a0 \u00a0 \u00a0 \u00a0\u00a0  PORT AUDIO\/VIDEO (AV)  PORT RS232\u00a0 \u00a0 \u00a0 \u00a0 \u00a0 \u00a0 \u00a0 \u00a0  PORT USB ET HDMI\u00a0 \u00a0 \u00a0AUTRE OPTIONS:  VPN,QR CODE (APPLICATION MScreen ANDROID ET MScreem IOS)\" \/>\n<meta property=\"og:url\" content=\"https:\/\/revolutiongalaxy.com\/index.php\/product\/recepteur-numerique-revolution-galaxy-ze-h7-plus\/\" \/>\n<meta property=\"og:site_name\" content=\"R\u00e9volution Galaxy\" \/>\n<meta property=\"article:publisher\" content=\"https:\/\/www.facebook.com\/profile.php?id=100071175250346\" \/>\n<meta property=\"article:modified_time\" content=\"2025-10-06T11:12:18+00:00\" \/>\n<meta property=\"og:image\" content=\"https:\/\/revolutiongalaxy.com\/wp-content\/uploads\/2023\/11\/ZEP1.jpg\" \/>\n\t<meta property=\"og:image:width\" content=\"800\" \/>\n\t<meta property=\"og:image:height\" content=\"800\" \/>\n\t<meta property=\"og:image:type\" content=\"image\/jpeg\" \/>\n<meta name=\"twitter:card\" content=\"summary_large_image\" \/>\n<meta name=\"twitter:label1\" content=\"Dur\u00e9e de lecture estim\u00e9e\" \/>\n\t<meta name=\"twitter:data1\" content=\"1 minute\" \/>\n<script type=\"application\/ld+json\" class=\"yoast-schema-graph\">{\"@context\":\"https:\/\/schema.org\",\"@graph\":[{\"@type\":\"WebPage\",\"@id\":\"https:\/\/revolutiongalaxy.com\/index.php\/product\/recepteur-numerique-revolution-galaxy-ze-h7-plus\/\",\"url\":\"https:\/\/revolutiongalaxy.com\/index.php\/product\/recepteur-numerique-revolution-galaxy-ze-h7-plus\/\",\"name\":\"R\u00e9cepteur num\u00e9rique Revolution Galaxy ZE-H7 Plus - R\u00e9volution Galaxy\",\"isPartOf\":{\"@id\":\"https:\/\/revolutiongalaxy.com\/#website\"},\"datePublished\":\"2023-11-03T10:20:26+00:00\",\"dateModified\":\"2025-10-06T11:12:18+00:00\",\"breadcrumb\":{\"@id\":\"https:\/\/revolutiongalaxy.com\/index.php\/product\/recepteur-numerique-revolution-galaxy-ze-h7-plus\/#breadcrumb\"},\"inLanguage\":\"fr-FR\",\"potentialAction\":[{\"@type\":\"ReadAction\",\"target\":[\"https:\/\/revolutiongalaxy.com\/index.php\/product\/recepteur-numerique-revolution-galaxy-ze-h7-plus\/\"]}]},{\"@type\":\"BreadcrumbList\",\"@id\":\"https:\/\/revolutiongalaxy.com\/index.php\/product\/recepteur-numerique-revolution-galaxy-ze-h7-plus\/#breadcrumb\",\"itemListElement\":[{\"@type\":\"ListItem\",\"position\":1,\"name\":\"Accueil\",\"item\":\"https:\/\/revolutiongalaxy.com\/\"},{\"@type\":\"ListItem\",\"position\":2,\"name\":\"Boutique\",\"item\":\"https:\/\/revolutiongalaxy.com\/index.php\/shop-2\/\"},{\"@type\":\"ListItem\",\"position\":3,\"name\":\"R\u00e9cepteur num\u00e9rique Revolution Galaxy ZE-H7 Plus\"}]},{\"@type\":\"WebSite\",\"@id\":\"https:\/\/revolutiongalaxy.com\/#website\",\"url\":\"https:\/\/revolutiongalaxy.com\/\",\"name\":\"R\u00e9volutionGalaxy.com\",\"description\":\"Pour la qualit\u00e9 totale\",\"publisher\":{\"@id\":\"https:\/\/revolutiongalaxy.com\/#organization\"},\"potentialAction\":[{\"@type\":\"SearchAction\",\"target\":{\"@type\":\"EntryPoint\",\"urlTemplate\":\"https:\/\/revolutiongalaxy.com\/?s={search_term_string}\"},\"query-input\":\"required name=search_term_string\"}],\"inLanguage\":\"fr-FR\"},{\"@type\":\"Organization\",\"@id\":\"https:\/\/revolutiongalaxy.com\/#organization\",\"name\":\"R\u00e9volutionGalaxy.com\",\"url\":\"https:\/\/revolutiongalaxy.com\/\",\"logo\":{\"@type\":\"ImageObject\",\"inLanguage\":\"fr-FR\",\"@id\":\"https:\/\/revolutiongalaxy.com\/#\/schema\/logo\/image\/\",\"url\":\"https:\/\/revolutiongalaxy.com\/wp-content\/uploads\/2023\/09\/logo-revolution.webp\",\"contentUrl\":\"https:\/\/revolutiongalaxy.com\/wp-content\/uploads\/2023\/09\/logo-revolution.webp\",\"width\":686,\"height\":224,\"caption\":\"R\u00e9volutionGalaxy.com\"},\"image\":{\"@id\":\"https:\/\/revolutiongalaxy.com\/#\/schema\/logo\/image\/\"},\"sameAs\":[\"https:\/\/www.facebook.com\/profile.php?id=100071175250346\"]}]}<\/script>\n<!-- \/ Yoast SEO plugin. -->","yoast_head_json":{"title":"R\u00e9cepteur num\u00e9rique Revolution Galaxy ZE-H7 Plus - R\u00e9volution Galaxy","robots":{"index":"index","follow":"follow","max-snippet":"max-snippet:-1","max-image-preview":"max-image-preview:large","max-video-preview":"max-video-preview:-1"},"canonical":"https:\/\/revolutiongalaxy.com\/index.php\/product\/recepteur-numerique-revolution-galaxy-ze-h7-plus\/","og_locale":"fr_FR","og_type":"article","og_title":"R\u00e9cepteur num\u00e9rique Revolution Galaxy ZE-H7 Plus - R\u00e9volution Galaxy","og_description":"ALIMENTATION : 12V  CLE WIFI EXTERIEUR GRATUIT  CABLE RJ45\u00a0 \u00a0 \u00a0 \u00a0 \u00a0 \u00a0 \u00a0 \u00a0  AFFICHEUR EXTERIEUR  3G\u00a0 \u00a0 \u00a0 \u00a0 \u00a0 \u00a0 \u00a0 \u00a0 \u00a0 \u00a0 \u00a0 \u00a0 \u00a0\u00a0  PORT AUDIO\/VIDEO (AV)  PORT RS232\u00a0 \u00a0 \u00a0 \u00a0 \u00a0 \u00a0 \u00a0 \u00a0  PORT USB ET HDMI\u00a0 \u00a0 \u00a0AUTRE OPTIONS:  VPN,QR CODE (APPLICATION MScreen ANDROID ET MScreem IOS)","og_url":"https:\/\/revolutiongalaxy.com\/index.php\/product\/recepteur-numerique-revolution-galaxy-ze-h7-plus\/","og_site_name":"R\u00e9volution Galaxy","article_publisher":"https:\/\/www.facebook.com\/profile.php?id=100071175250346","article_modified_time":"2025-10-06T11:12:18+00:00","og_image":[{"width":800,"height":800,"url":"https:\/\/revolutiongalaxy.com\/wp-content\/uploads\/2023\/11\/ZEP1.jpg","type":"image\/jpeg"}],"twitter_card":"summary_large_image","twitter_misc":{"Dur\u00e9e de lecture estim\u00e9e":"1 minute"},"schema":{"@context":"https:\/\/schema.org","@graph":[{"@type":"WebPage","@id":"https:\/\/revolutiongalaxy.com\/index.php\/product\/recepteur-numerique-revolution-galaxy-ze-h7-plus\/","url":"https:\/\/revolutiongalaxy.com\/index.php\/product\/recepteur-numerique-revolution-galaxy-ze-h7-plus\/","name":"R\u00e9cepteur num\u00e9rique Revolution Galaxy ZE-H7 Plus - R\u00e9volution Galaxy","isPartOf":{"@id":"https:\/\/revolutiongalaxy.com\/#website"},"datePublished":"2023-11-03T10:20:26+00:00","dateModified":"2025-10-06T11:12:18+00:00","breadcrumb":{"@id":"https:\/\/revolutiongalaxy.com\/index.php\/product\/recepteur-numerique-revolution-galaxy-ze-h7-plus\/#breadcrumb"},"inLanguage":"fr-FR","potentialAction":[{"@type":"ReadAction","target":["https:\/\/revolutiongalaxy.com\/index.php\/product\/recepteur-numerique-revolution-galaxy-ze-h7-plus\/"]}]},{"@type":"BreadcrumbList","@id":"https:\/\/revolutiongalaxy.com\/index.php\/product\/recepteur-numerique-revolution-galaxy-ze-h7-plus\/#breadcrumb","itemListElement":[{"@type":"ListItem","position":1,"name":"Accueil","item":"https:\/\/revolutiongalaxy.com\/"},{"@type":"ListItem","position":2,"name":"Boutique","item":"https:\/\/revolutiongalaxy.com\/index.php\/shop-2\/"},{"@type":"ListItem","position":3,"name":"R\u00e9cepteur num\u00e9rique Revolution Galaxy ZE-H7 Plus"}]},{"@type":"WebSite","@id":"https:\/\/revolutiongalaxy.com\/#website","url":"https:\/\/revolutiongalaxy.com\/","name":"R\u00e9volutionGalaxy.com","description":"Pour la qualit\u00e9 totale","publisher":{"@id":"https:\/\/revolutiongalaxy.com\/#organization"},"potentialAction":[{"@type":"SearchAction","target":{"@type":"EntryPoint","urlTemplate":"https:\/\/revolutiongalaxy.com\/?s={search_term_string}"},"query-input":"required name=search_term_string"}],"inLanguage":"fr-FR"},{"@type":"Organization","@id":"https:\/\/revolutiongalaxy.com\/#organization","name":"R\u00e9volutionGalaxy.com","url":"https:\/\/revolutiongalaxy.com\/","logo":{"@type":"ImageObject","inLanguage":"fr-FR","@id":"https:\/\/revolutiongalaxy.com\/#\/schema\/logo\/image\/","url":"https:\/\/revolutiongalaxy.com\/wp-content\/uploads\/2023\/09\/logo-revolution.webp","contentUrl":"https:\/\/revolutiongalaxy.com\/wp-content\/uploads\/2023\/09\/logo-revolution.webp","width":686,"height":224,"caption":"R\u00e9volutionGalaxy.com"},"image":{"@id":"https:\/\/revolutiongalaxy.com\/#\/schema\/logo\/image\/"},"sameAs":["https:\/\/www.facebook.com\/profile.php?id=100071175250346"]}]}},"_links":{"self":[{"href":"https:\/\/revolutiongalaxy.com\/index.php\/wp-json\/wp\/v2\/product\/5712","targetHints":{"allow":["GET"]}}],"collection":[{"href":"https:\/\/revolutiongalaxy.com\/index.php\/wp-json\/wp\/v2\/product"}],"about":[{"href":"https:\/\/revolutiongalaxy.com\/index.php\/wp-json\/wp\/v2\/types\/product"}],"wp:featuredmedia":[{"embeddable":true,"href":"https:\/\/revolutiongalaxy.com\/index.php\/wp-json\/wp\/v2\/media\/5713"}],"wp:attachment":[{"href":"https:\/\/revolutiongalaxy.com\/index.php\/wp-json\/wp\/v2\/media?parent=5712"}],"wp:term":[{"taxonomy":"product_cat","embeddable":true,"href":"https:\/\/revolutiongalaxy.com\/index.php\/wp-json\/wp\/v2\/product_cat?post=5712"},{"taxonomy":"product_tag","embeddable":true,"href":"https:\/\/revolutiongalaxy.com\/index.php\/wp-json\/wp\/v2\/product_tag?post=5712"}],"curies":[{"name":"wp","href":"https:\/\/api.w.org\/{rel}","templated":true}]}}