{"id":5558,"date":"2023-10-23T11:16:17","date_gmt":"2023-10-23T09:16:17","guid":{"rendered":"https:\/\/revolutiongalaxy.com\/?post_type=product&#038;p=5558"},"modified":"2023-11-06T09:39:36","modified_gmt":"2023-11-06T08:39:36","slug":"recepteur-numerique-revolutiongalaxy-x1","status":"publish","type":"product","link":"https:\/\/revolutiongalaxy.com\/index.php\/product\/recepteur-numerique-revolutiongalaxy-x1\/","title":{"rendered":"R\u00e9cepteur num\u00e9rique RevolutionGalaxy X1"},"content":{"rendered":"<p>&nbsp;<\/p>\n<table border=\"0\" width=\"100%\">\n<tbody>\n<tr>\n<td width=\"25%\"><strong>Video Resolution:<\/strong><\/td>\n<td width=\"25%\">1080P,1080i,720P and 576P<\/td>\n<td width=\"25%\"><strong>Main processor:<\/strong><\/td>\n<td width=\"25%\">Montage M88CS<\/td>\n<\/tr>\n<tr>\n<td width=\"25%\"><strong>Input Rate:<\/strong><\/td>\n<td width=\"25%\">MPEG2 video recording<\/td>\n<td width=\"25%\"><strong>DC IN:<\/strong><\/td>\n<td width=\"25%\">12V<\/td>\n<\/tr>\n<tr>\n<td width=\"25%\"><strong>Profile level<\/strong><\/td>\n<td width=\"25%\">MPEG-2 MP@ML<\/td>\n<td width=\"25%\"><strong>F Type:<\/strong><\/td>\n<td width=\"25%\">LNB Input<\/td>\n<\/tr>\n<tr>\n<td width=\"25%\"><strong>Play channels and video<\/strong><\/td>\n<td width=\"25%\">H.264 et H.265<\/td>\n<td width=\"25%\"><strong>Flash Memory:<\/strong><\/td>\n<td width=\"25%\">64 Mbits<\/td>\n<\/tr>\n<tr>\n<td width=\"25%\"><strong>SDRAM:<\/strong><\/td>\n<td width=\"25%\">1 Gbits<\/td>\n<td width=\"25%\"><strong>Video:<\/strong><\/td>\n<td width=\"25%\">MPEG2 MP@ML<\/td>\n<\/tr>\n<\/tbody>\n<\/table>\n<p>&nbsp;<\/p>\n","protected":false},"excerpt":{"rendered":"<ul>\n<li>Video Resolution : 1080P,1080i,720P and 576P<\/li>\n<li>Capacit\u00e9 de la Ram : 1GDDR<\/li>\n<li>1 T\u00e9l\u00e9commande<\/li>\n<li>Flash Memory: 64Mbits<\/li>\n<\/ul>\n<p>&nbsp;<\/p>\n","protected":false},"featured_media":5566,"template":"","meta":[],"product_cat":[227],"product_tag":[],"class_list":["post-5558","product","type-product","status-publish","has-post-thumbnail","hentry","product_cat-recepteur-numerique"],"yoast_head":"<!-- This site is optimized with the Yoast SEO plugin v21.6 - https:\/\/yoast.com\/wordpress\/plugins\/seo\/ -->\n<title>R\u00e9cepteur num\u00e9rique RevolutionGalaxy X1 - R\u00e9volution Galaxy<\/title>\n<meta name=\"robots\" content=\"index, follow, max-snippet:-1, max-image-preview:large, max-video-preview:-1\" \/>\n<link rel=\"canonical\" href=\"https:\/\/revolutiongalaxy.com\/index.php\/product\/recepteur-numerique-revolutiongalaxy-x1\/\" \/>\n<meta property=\"og:locale\" content=\"fr_FR\" \/>\n<meta property=\"og:type\" content=\"article\" \/>\n<meta property=\"og:title\" content=\"R\u00e9cepteur num\u00e9rique RevolutionGalaxy X1 - R\u00e9volution Galaxy\" \/>\n<meta property=\"og:description\" content=\"Video Resolution : 1080P,1080i,720P and 576P  Capacit\u00e9 de la Ram : 1GDDR  1 T\u00e9l\u00e9commande  Flash Memory: 64Mbits  &nbsp;\" \/>\n<meta property=\"og:url\" content=\"https:\/\/revolutiongalaxy.com\/index.php\/product\/recepteur-numerique-revolutiongalaxy-x1\/\" \/>\n<meta property=\"og:site_name\" content=\"R\u00e9volution Galaxy\" \/>\n<meta property=\"article:publisher\" content=\"https:\/\/www.facebook.com\/profile.php?id=100071175250346\" \/>\n<meta property=\"article:modified_time\" content=\"2023-11-06T08:39:36+00:00\" \/>\n<meta property=\"og:image\" content=\"https:\/\/revolutiongalaxy.com\/wp-content\/uploads\/2023\/10\/X1.jpg\" \/>\n\t<meta property=\"og:image:width\" content=\"1309\" \/>\n\t<meta property=\"og:image:height\" content=\"1309\" \/>\n\t<meta property=\"og:image:type\" content=\"image\/jpeg\" \/>\n<meta name=\"twitter:card\" content=\"summary_large_image\" \/>\n<meta name=\"twitter:label1\" content=\"Dur\u00e9e de lecture estim\u00e9e\" \/>\n\t<meta name=\"twitter:data1\" content=\"1 minute\" \/>\n<script type=\"application\/ld+json\" class=\"yoast-schema-graph\">{\"@context\":\"https:\/\/schema.org\",\"@graph\":[{\"@type\":\"WebPage\",\"@id\":\"https:\/\/revolutiongalaxy.com\/index.php\/product\/recepteur-numerique-revolutiongalaxy-x1\/\",\"url\":\"https:\/\/revolutiongalaxy.com\/index.php\/product\/recepteur-numerique-revolutiongalaxy-x1\/\",\"name\":\"R\u00e9cepteur num\u00e9rique RevolutionGalaxy X1 - R\u00e9volution Galaxy\",\"isPartOf\":{\"@id\":\"https:\/\/revolutiongalaxy.com\/#website\"},\"datePublished\":\"2023-10-23T09:16:17+00:00\",\"dateModified\":\"2023-11-06T08:39:36+00:00\",\"breadcrumb\":{\"@id\":\"https:\/\/revolutiongalaxy.com\/index.php\/product\/recepteur-numerique-revolutiongalaxy-x1\/#breadcrumb\"},\"inLanguage\":\"fr-FR\",\"potentialAction\":[{\"@type\":\"ReadAction\",\"target\":[\"https:\/\/revolutiongalaxy.com\/index.php\/product\/recepteur-numerique-revolutiongalaxy-x1\/\"]}]},{\"@type\":\"BreadcrumbList\",\"@id\":\"https:\/\/revolutiongalaxy.com\/index.php\/product\/recepteur-numerique-revolutiongalaxy-x1\/#breadcrumb\",\"itemListElement\":[{\"@type\":\"ListItem\",\"position\":1,\"name\":\"Accueil\",\"item\":\"https:\/\/revolutiongalaxy.com\/\"},{\"@type\":\"ListItem\",\"position\":2,\"name\":\"Boutique\",\"item\":\"https:\/\/revolutiongalaxy.com\/index.php\/shop-2\/\"},{\"@type\":\"ListItem\",\"position\":3,\"name\":\"R\u00e9cepteur num\u00e9rique RevolutionGalaxy X1\"}]},{\"@type\":\"WebSite\",\"@id\":\"https:\/\/revolutiongalaxy.com\/#website\",\"url\":\"https:\/\/revolutiongalaxy.com\/\",\"name\":\"R\u00e9volutionGalaxy.com\",\"description\":\"Pour la qualit\u00e9 totale\",\"publisher\":{\"@id\":\"https:\/\/revolutiongalaxy.com\/#organization\"},\"potentialAction\":[{\"@type\":\"SearchAction\",\"target\":{\"@type\":\"EntryPoint\",\"urlTemplate\":\"https:\/\/revolutiongalaxy.com\/?s={search_term_string}\"},\"query-input\":\"required name=search_term_string\"}],\"inLanguage\":\"fr-FR\"},{\"@type\":\"Organization\",\"@id\":\"https:\/\/revolutiongalaxy.com\/#organization\",\"name\":\"R\u00e9volutionGalaxy.com\",\"url\":\"https:\/\/revolutiongalaxy.com\/\",\"logo\":{\"@type\":\"ImageObject\",\"inLanguage\":\"fr-FR\",\"@id\":\"https:\/\/revolutiongalaxy.com\/#\/schema\/logo\/image\/\",\"url\":\"https:\/\/revolutiongalaxy.com\/wp-content\/uploads\/2023\/09\/logo-revolution.webp\",\"contentUrl\":\"https:\/\/revolutiongalaxy.com\/wp-content\/uploads\/2023\/09\/logo-revolution.webp\",\"width\":686,\"height\":224,\"caption\":\"R\u00e9volutionGalaxy.com\"},\"image\":{\"@id\":\"https:\/\/revolutiongalaxy.com\/#\/schema\/logo\/image\/\"},\"sameAs\":[\"https:\/\/www.facebook.com\/profile.php?id=100071175250346\"]}]}<\/script>\n<!-- \/ Yoast SEO plugin. -->","yoast_head_json":{"title":"R\u00e9cepteur num\u00e9rique RevolutionGalaxy X1 - R\u00e9volution Galaxy","robots":{"index":"index","follow":"follow","max-snippet":"max-snippet:-1","max-image-preview":"max-image-preview:large","max-video-preview":"max-video-preview:-1"},"canonical":"https:\/\/revolutiongalaxy.com\/index.php\/product\/recepteur-numerique-revolutiongalaxy-x1\/","og_locale":"fr_FR","og_type":"article","og_title":"R\u00e9cepteur num\u00e9rique RevolutionGalaxy X1 - R\u00e9volution Galaxy","og_description":"Video Resolution : 1080P,1080i,720P and 576P  Capacit\u00e9 de la Ram : 1GDDR  1 T\u00e9l\u00e9commande  Flash Memory: 64Mbits  &nbsp;","og_url":"https:\/\/revolutiongalaxy.com\/index.php\/product\/recepteur-numerique-revolutiongalaxy-x1\/","og_site_name":"R\u00e9volution Galaxy","article_publisher":"https:\/\/www.facebook.com\/profile.php?id=100071175250346","article_modified_time":"2023-11-06T08:39:36+00:00","og_image":[{"width":1309,"height":1309,"url":"https:\/\/revolutiongalaxy.com\/wp-content\/uploads\/2023\/10\/X1.jpg","type":"image\/jpeg"}],"twitter_card":"summary_large_image","twitter_misc":{"Dur\u00e9e de lecture estim\u00e9e":"1 minute"},"schema":{"@context":"https:\/\/schema.org","@graph":[{"@type":"WebPage","@id":"https:\/\/revolutiongalaxy.com\/index.php\/product\/recepteur-numerique-revolutiongalaxy-x1\/","url":"https:\/\/revolutiongalaxy.com\/index.php\/product\/recepteur-numerique-revolutiongalaxy-x1\/","name":"R\u00e9cepteur num\u00e9rique RevolutionGalaxy X1 - R\u00e9volution Galaxy","isPartOf":{"@id":"https:\/\/revolutiongalaxy.com\/#website"},"datePublished":"2023-10-23T09:16:17+00:00","dateModified":"2023-11-06T08:39:36+00:00","breadcrumb":{"@id":"https:\/\/revolutiongalaxy.com\/index.php\/product\/recepteur-numerique-revolutiongalaxy-x1\/#breadcrumb"},"inLanguage":"fr-FR","potentialAction":[{"@type":"ReadAction","target":["https:\/\/revolutiongalaxy.com\/index.php\/product\/recepteur-numerique-revolutiongalaxy-x1\/"]}]},{"@type":"BreadcrumbList","@id":"https:\/\/revolutiongalaxy.com\/index.php\/product\/recepteur-numerique-revolutiongalaxy-x1\/#breadcrumb","itemListElement":[{"@type":"ListItem","position":1,"name":"Accueil","item":"https:\/\/revolutiongalaxy.com\/"},{"@type":"ListItem","position":2,"name":"Boutique","item":"https:\/\/revolutiongalaxy.com\/index.php\/shop-2\/"},{"@type":"ListItem","position":3,"name":"R\u00e9cepteur num\u00e9rique RevolutionGalaxy X1"}]},{"@type":"WebSite","@id":"https:\/\/revolutiongalaxy.com\/#website","url":"https:\/\/revolutiongalaxy.com\/","name":"R\u00e9volutionGalaxy.com","description":"Pour la qualit\u00e9 totale","publisher":{"@id":"https:\/\/revolutiongalaxy.com\/#organization"},"potentialAction":[{"@type":"SearchAction","target":{"@type":"EntryPoint","urlTemplate":"https:\/\/revolutiongalaxy.com\/?s={search_term_string}"},"query-input":"required name=search_term_string"}],"inLanguage":"fr-FR"},{"@type":"Organization","@id":"https:\/\/revolutiongalaxy.com\/#organization","name":"R\u00e9volutionGalaxy.com","url":"https:\/\/revolutiongalaxy.com\/","logo":{"@type":"ImageObject","inLanguage":"fr-FR","@id":"https:\/\/revolutiongalaxy.com\/#\/schema\/logo\/image\/","url":"https:\/\/revolutiongalaxy.com\/wp-content\/uploads\/2023\/09\/logo-revolution.webp","contentUrl":"https:\/\/revolutiongalaxy.com\/wp-content\/uploads\/2023\/09\/logo-revolution.webp","width":686,"height":224,"caption":"R\u00e9volutionGalaxy.com"},"image":{"@id":"https:\/\/revolutiongalaxy.com\/#\/schema\/logo\/image\/"},"sameAs":["https:\/\/www.facebook.com\/profile.php?id=100071175250346"]}]}},"_links":{"self":[{"href":"https:\/\/revolutiongalaxy.com\/index.php\/wp-json\/wp\/v2\/product\/5558","targetHints":{"allow":["GET"]}}],"collection":[{"href":"https:\/\/revolutiongalaxy.com\/index.php\/wp-json\/wp\/v2\/product"}],"about":[{"href":"https:\/\/revolutiongalaxy.com\/index.php\/wp-json\/wp\/v2\/types\/product"}],"wp:featuredmedia":[{"embeddable":true,"href":"https:\/\/revolutiongalaxy.com\/index.php\/wp-json\/wp\/v2\/media\/5566"}],"wp:attachment":[{"href":"https:\/\/revolutiongalaxy.com\/index.php\/wp-json\/wp\/v2\/media?parent=5558"}],"wp:term":[{"taxonomy":"product_cat","embeddable":true,"href":"https:\/\/revolutiongalaxy.com\/index.php\/wp-json\/wp\/v2\/product_cat?post=5558"},{"taxonomy":"product_tag","embeddable":true,"href":"https:\/\/revolutiongalaxy.com\/index.php\/wp-json\/wp\/v2\/product_tag?post=5558"}],"curies":[{"name":"wp","href":"https:\/\/api.w.org\/{rel}","templated":true}]}}